 1) + -4. Let h(c) = 36*c + 1. Let i(w) = -37*w. Let n(l) = p*i(l) - 4*h(l). What is the remainder when n(3) is divided by 30?
29
Suppose 0 = -42*i + 40*i + 26. Let y = 3 + -1. Suppose 0 = y*u - 141 + 15. What is the remainder when u is divided by i?
11
Let t be 7/((3/(-33))/1). Let q = -56 - t. Calculate the remainder when 83 is divided by q.
20
Let p = 156 + -91. Calculate the remainder when p is divided by 17/(-2)*(10 - 12).
14
Suppose 0*x + 2*x = -f - 15, 3*f = 5*x - 56. Let q = f - -20. Calculate the remainder when -1*q*(3 - 12) is divided by 10.
7
Let w be 4/(-18) - (-76)/18. Suppose -w*o + 6 = -6. Suppose 3*t = 5*t - 4*j - 24, 5*t - 3*j = 53. Calculate the remainder when t is divided by o.
1
Let i = -53 - 26. Let h = -61 - i. What is the remainder when ((-3)/2)/(2/(-68)) is divided by h?
15
Suppose -14 = i - 49. Suppose 3*z - 31 = i. Calculate the remainder when z is divided by 12.
10
Suppose 3*v + 147 = m, 427 = 12*m - 9*m - 2*v. What is the remainder when m is divided by 21?
15
What is the remainder when 69 is divided by (-2)/(2*-1*(-5)/(-165))?
3
Let y be 3/(-3)*(-4 - 27). Let j = y + -1. Suppose 0 = 2*f - t - j, -2*f + 4*t + 8 + 10 = 0. What is the remainder when f is divided by 9?
8
Suppose -23*f - 600 = -4924. What is the remainder when f is divided by 99?
89
Let y = 74 - 73. Calculate the remainder when 8 is divided by y.
0
Suppose 4*u = -76*c + 75*c + 399, u = 3*c + 103. What is the remainder when 796 is divided by u?
96
Suppose 6*t = 4*t, -3*f + 3*t = -750. Calculate the remainder when f is divided by 52.
42
Let z be ((-96)/40)/((-4)/50). Let b = 4 + z. Let h = 53 - b. Calculate the remainder when 74 is divided by h.
17
Suppose 0 = 3*m - 45 - 294. What is the remainder when m is divided by 39?
35
Let d = -2208 - -2307. Suppose 4*p - 112 = 4*v, -v + 22 = p - 0*v. What is the remainder when d is divided by p?
24
Suppose 0 = 7*q - 50 - 34. Suppose q*j = 10*j + 46. Let v(l) = -l. What is the remainder when j is divided by v(-6)?
5
Let a(z) = z**3 - 5*z**2 + 5*z + 1. Let s be a(4). Suppose -105 = -0*q - s*q. Let g = 115 - 107. Calculate the remainder when q is divided by g.
5
Let a be ((-5)/3)/(65/(-15) + 4). Calculate the remainder when 95 - (8/(-10))/(2/a) is divided by 11.
9
Let w be (-2 - (5 + 1))*26/(-104). Suppose 5*m - 3*u = 680, 3*m - 3*u + w*u = 412. What is the remainder when m is divided by 35?
34
Suppose 7*r = 234 - 24. Calculate the remainder when 419 is divided by r.
29
Let l = -633 + 898. Suppose l = 2*y + 3*y. What is the remainder when y is divided by 7?
4
Let p(m) = 44*m + 327. Calculate the remainder when p(-6) is divided by 44.
19
Let h be (-4)/(-2) - (-12 - 5). Let q = h - 10. Let c(l) = 3*l**2 - 4*l - 8. Calculate the remainder when c(4) is divided by q.
6
Calculate the remainder when (18120/(-16))/(-15) - 2/4 is divided by 10.
5
Suppose -140 = -q + 5*v, -6*q + 8*q - 4*v - 262 = 0. Calculate the remainder when 258 is divided by q.
8
Calculate the remainder when 162/5*330/132 is divided by 27.
0
Suppose 2*j = -2*r + 52, -7*j + 4*j - r + 70 = 0. What is the remainder when 60 is divided by j?
16
Let p(w) = w**3 + 7*w**2 - 8*w + 18. Let y be (14/3 + -2)*24/(-8). What is the remainder when 33 is divided by p(y)?
15
Suppose 4*d - 3*d = 3, -5*n - 3*d = -69. Let o(g) = 14*g + 116. Calculate the remainder when o(-5) is divided by n.
10
Let b(z) = z**3 + 9*z**2 + 13*z + 61. Calculate the remainder when 77 is divided by b(-8).
14
Suppose -5*v + 86 = -3*v. Let u(t) = -t**2 + 5*t + 29. Calculate the remainder when v is divided by u(7).
13
Let u be (-20)/16 + (-2)/(-8). Let g(k) = 63*k**2 - k - 1. What is the remainder when g(u) is divided by 16?
15
Let z = 524 + -44. Suppose 9*a = -7*a + z. What is the remainder when 209 is divided by a?
29
Let k = 625 - 591. Calculate the remainder when 79 is divided by k.
11
Suppose -8 + 22 = 2*j. Calculate the remainder when j*(66/21 - -4) is divided by 13.
11
Let j(i) = -2*i + 1. Let b be j(-1). What is the remainder when 59 is divided by (3 + b)/(1/5)?
29
Suppose 0 = -m - 3*r + 37, m + r - 33 = -0*m. Suppose 5*u + 5*f = 1095, -u - 207 = -2*u + 3*f. Calculate the remainder when u is divided by m.
30
Suppose -18*x + 208 = -14*x. Let z = x + -32. What is the remainder when 77 is divided by z?
17
Let g(t) = 4*t - 36. Let m(x) = 2*x - 11. Let u be m(15). What is the remainder when g(u) is divided by 9?
4
What is the remainder when 107 is divided by (-3 - (0 - -3)) + 33?
26
Let b(m) = -m**3 - 13*m**2 + 17*m + 13. Let i be b(-14). Let u = -25 - i. What is the remainder when 14 is divided by u?
2
Let u be (-10)/45 + 79/(-9). Let q be u/(-2) + 1/(-2). Suppose -5 - q = -3*z + f, -4*z - 3*f = -12. What is the remainder when 15 is divided by z?
0
Suppose 4*t = -t + 35. Let d = -51 + 54. Calculate the remainder when t is divided by d.
1
Let t(o) = -3*o + 73. Calculate the remainder when t(7) is divided by 8/(-6)*(-84)/8.
10
What is the remainder when 17 is divided by (-32)/(-28)*126/18?
1
Let c(h) = -2*h**2 + 58*h + 27. Calculate the remainder when 97 is divided by c(29).
16
Let u(b) = 5*b**2 + 2*b. Suppose 29*n - 26*n - 12 = 0. Suppose 0 = -n*p + 4*j - 0*j + 80, 5*p + 4*j = 109. What is the remainder when u(-3) is divided by p?
18
Suppose 2*r - 17 = -3*n - 6, -23 = -4*n - r. Let z(p) = -p - p**3 + 15*p**2 - 8 - 8*p**2 + 6*p. What is the remainder when z(n) is divided by 14?
13
What is the remainder when (-427)/(-13) + (3 - 37/13) is divided by 14?
5
Suppose 0 = 8*a - 75 - 325. Suppose a = 3*p + 32. What is the remainder when 13 is divided by p?
1
Let a(p) = 3*p**3 + 2*p**2 + 2*p - 3. Let n(b) = b**3 - b + 1. Let k(g) = -a(g) + 4*n(g). Calculate the remainder when 89 is divided by k(4).
14
Suppose -3*m + 2*b + 125 = 28, -4*b - 32 = 0. Let j(f) = 14*f**2 + 1. What is the remainder when m is divided by j(1)?
12
Let u = 997 - 765. What is the remainder when u is divided by 56?
8
Suppose -5*h = -3*k + 119, -2*k + 3*h + 80 + 0 = 0. Calculate the remainder when k is divided by 13.
4
Let p be 2/(-16) - (-3)/24. Suppose -2*r + r + 38 = p. Suppose 0 = 3*x - 41 + r. What is the remainder when 1 is divided by x?
0
Let q(u) = -u**3 + 11*u**2 - 8*u - 12. Let v be q(10). Let k(m) = m**3 - 7*m**2 - 2*m + 5. What is the remainder when k(v) is divided by 14?
11
Let j = -29 + 86. What is the remainder when 182 is divided by j?
11
Suppose -15 = -5*s + 6*p - p, 12 = 4*s - p. Suppose -s*u - 5*d + 207 = 0, -5*u - 4*d + 301 = -57. Calculate the remainder when u is divided by 285/20 - 6/(-8).
14
Suppose 0 = -t + 3*n + 17, 13 + 27 = 4*t + 2*n. Suppose -i + 305 = -41*z + 46*z, z - 80 = -4*i. Calculate the remainder when z is divided by t.
5
Let j(o) = o**2 - 2*o - 4. Let l be j(3). Calculate the remainder when -17*(0/l + -1) is divided by 5.
2
Let a(h) = -4*h + 3. Let g(p) = 8*p - 18. Let o be g(13). Suppose 12*b = 14*b - o. What is the remainder when b is divided by a(-5)?
20
Suppose -12*n - 2385 = -65*n. What is the remainder when 356 is divided by n?
41
Let w(q) = 4*q**2 + 2*q - 3. Suppose 120 = -15*s + 27*s. Calculate the remainder when w(3) is divided by s.
9
Let j(l) = 6*l - 16. Let w be j(10). Let h = w - 11. What is the remainder when 129 is divided by h?
30
Suppose -4*z + 7*n - 2*n = -361, 0 = -5*z - 3*n + 442. Calculate the remainder when z is divided by 45/2*8/6.
29
Let y = -4 + 24. Calculate the remainder when ((-2)/4)/(16/(-1824)) is divided by y.
17
Let q(l) = -5*l + 11. Let g = -51 + 89. Suppose b = 3*b - g. What is the remainder when q(-9) is divided by b?
18
Suppose 4*t - 4*a - 270 = -t, 4*a = -2*t + 136. Let r be -1*(-2 - (-1)/(-1)). Suppose r*c = t - 10. Calculate the remainder when 45 is divided by c.
13
Let u(m) = -13*m - 481. What is the remainder when u(-41) is divided by 28?
24
Let r(f) = f**3 + 8*f**2 + 3. Let k be r(-8). Calculate the remainder when 95/2 - 4/8 is divided by 14 - k/6*4.
11
Let m(t) = 2*t**2 - 3*t - 11. Let d be m(-2). Suppose -d*z + 106 = -z. Calculate the remainder when z is divided by 14.
11
Let i(b) = -4*b**2 - 21*b + 1. Let d be i(-5). Let m(y) = 7*y - 32. Calculate the remainder when 29 is divided by m(d).
9
Suppose 3*a = 35*a - 2720. Calculate the remainder when 147 is divided by a.
62
Let k(n) = 2*n - 20. Let r be k(12). Suppose -4*g + 5*z = -r + 2, -4*z = -4*g + 4. What